*5 - n**2 + 0 + 0*n - 5/6*n**3. Suppose 15*v - 25 = 10*v. Give g(v).
5
Suppose 5*s - 9*s + 16 = 0. Let i(o) = s*o - 32*o**3 - 3 + 33*o**3 - o**2 - o**2. Suppose 0 = 3*n - n - 4. Determine i(n).
5
Let c(p) be the second derivative of p**4/12 + 5*p**2/2 + 10*p. Give c(0).
5
Let q(l) be the third derivative of l**6/120 - 2*l**5/15 + l**4/24 + l**3/6 - l**2. What is q(8)?
9
Let m(s) = -s**3 + s - 1. Let n(h) = -4*h**3 - h**2 + 5*h - 4. Let f(w) = -6*m(w) + n(w). Calculate f(-2).
-16
Let u(d) = -2*d**2 + 3*d - 3. Let b(a) = -3*a**2 + 5*a - 7. Let f(p) = -3*b(p) + 5*u(p). What is f(0)?
6
Let u(j) = -j - 13. Suppose -3*z + 21 = -6*z. Calculate u(z).
-6
Suppose -2*o = -0*o. Let w(j) = j**2 - 3*j + 2. Let h(v) = 6*v**2 - v. Let a be h(1). Let t(p) = -2*p**2 + 5*p - 5. Let b(s) = a*w(s) + 3*t(s). What is b(o)?
-5
Let q(l) = -l**3 + 6*l**2 + l - 3. Suppose 0 = 6*w - w + 15, 3*w = -3*p - 45. Let z be (-1)/2*1*p. What is q(z)?
3
Let t be 0 - (17/(-1) + -1). Let q be 12/t + 4/(-6). Let a(y) = y**3 - y**2 - 3. What is a(q)?
-3
Let l(d) = -d**2 + 4*d + 3. Suppose 0 = -4*p + 5*u + 40, -2*p - 4*u = -3*p + 21. Let m(a) = a**2 - 3*a - 6. Let r be m(p). What is l(r)?
3
Let j(w) = -w + 7. Let t = 0 + 2. Suppose -b + 10 = k - 3*k, b + t*k - 2 = 0. Calculate j(b).
1
Let p(o) = -2*o**2 + 3*o - 4. Let a be 18/4*34/51. Determine p(a).
-13
Let l be (7/((-14)/(-10)))/((-10)/(-4)). Let v(t) = -5*t + 2. Give v(l).
-8
Let b be (-15)/2*(-16)/(-10). Let w = b + 9. Let y(d) = -4*d - 7. Let s(n) = -7*n - 13. Let l(t) = -3*s(t) + 5*y(t). Calculate l(w).
1
Suppose b = -b. Let l(x) = 2 + b + 3 + 0*x**2 + x**2. Give l(0).
5
Let b be (-32)/(-160) + (6/(-5) - -1). Let l(r) be the second derivative of -r**5/20 + r**3/6 + r. Determine l(b).
0
Let g(b) = -b**3 + 5*b**2 - b + 7. Let w be g(5). Suppose -3*k - 15 = -2*d - 0*d, -w*k - 15 = -3*d. Let y(u) = 2*u + 4. Give y(d).
10
Let m(h) = 0 - 10*h + 1 - 8*h + 15*h. Calculate m(-2).
7
Let a(p) be the second derivative of p**5/20 + p**4/3 + p**3/3 - p**2/2 - 32*p. Calculate a(-4).
-9
Let t(z) = z + 3. Let q = 1 - -4. Suppose 8 = q*p - 7. Give t(p).
6
Suppose -4*y + 9 = -y. Let h be (2/y)/(6/(-9)). Let g(u) = -5*u**3 + 2*u + 1. What is g(h)?
4
Let h = -14 + 17. Let s(j) = 3*j**h - j**2 + j**2 - 4*j**3 + j**2. Suppose 5*t + 1 = -y, 2*t - 2*y = -3*y + 2. Calculate s(t).
2
Let j(g) be the first derivative of g**2/2 - 6. Calculate j(0).
0
Suppose 3*y = 5*y + 6. Let j(k) = -k**3 - 4*k**2 - 2*k + 1. Let z be j(y). Let n(p) be the third derivative of p**4/12 + p**3/6 - 8*p**2. Calculate n(z).
-3
Suppose -5*t = 4*s - 7*t + 2, -4*t = 5*s - 17. Let w(o) be the second derivative of -o**5/2 - o**4/6 + o**3/3 - o**2/2 - 2*o - 3. What is w(s)?
-11
Suppose -3*v = 3*h - 9, -v = 4*v - 5. Let i be -2 + ((-32)/h)/(-4). Let j(d) = d**3 - d**2 - 2*d + 1. Determine j(i).
1
Let o(n) = -2*n - 1. Let g be -2*-3*2/4. Let m = g - 7. Give o(m).
7
Let n(f) = -f**3 + f**2 + f - 2. Let x be n(0). Let p(t) = 5*t**2 + t + 4. Let h = 1 - 2. Let g(q) = -q**2 - 1. Let k(s) = h*p(s) - 4*g(s). What is k(x)?
-2
Let h(l) be the third derivative of l**5/60 + l**4/12 - l**3/3 - 7*l**2. What is h(-3)?
1
Let w be (-1)/(-3) - 9/27. Let b(j) = -9*j**3 - 2*j**2 - 12. Let t(a) = -4*a**3 - a**2 - 6. Let m(f) = -3*b(f) + 7*t(f). Calculate m(w).
-6
Let j be (-8)/(3 - 1) + -2. Let t(z) = -11*z**3 + 7*z**2 - 5*z - 1. Let y(a) = -22*a**3 + 13*a**2 - 9*a - 2. Let r(l) = j*y(l) + 11*t(l). What is r(1)?
10
Let u(m) = m + 2. Let z = -6 - 14. Let k be z/70 - (-38)/(-14). Let d be u(k). Let h(j) = j**2 + j + 1. Determine h(d).
1
Suppose -4*m + 25 = -w + 8, 0 = -2*m - 4*w + 4. Let c(f) = -m*f - 3*f + 6*f. Suppose 6*p - 9*p - 1 = -b, 2*p - 16 = 4*b. Determine c(b).
5
Let t(z) = -2*z**3 - 4*z**2 - 2*z + 2. Let l be -2 - (0/2)/2. Give t(l).
6
Let w(d) = -d**3 - 2*d**2 + 2*d + 2. Let t(a) = a**2 + 2*a - 1. Let z be t(-4). Suppose -2*n - z = -1. Determine w(n).
5
Suppose -2*w = 0, 5*q + w + 38 + 2 = 0. Let l(s) = -3*s - 3. Determine l(q).
21
Let r(p) be the first derivative of -p**3/3 - 3*p**2 - 3*p - 10. Calculate r(-5).
2
Let t(x) = -3*x + 3. Suppose r - 15 = 4*r. Let j(w) = 3*w - 4. Let p(k) = r*t(k) - 4*j(k). What is p(-2)?
-5
Let c(n) = -n - 1. Let q(s) = -s + 6. Let m be q(4). Suppose -2*i = -r + 5 + 1, 0 = 2*i - 5*r - m. Determine c(i).
3
Let s(a) = 2*a**3 + 2*a**2 - 1. Suppose -3*q - m = -1 + 19, 4*q = 5*m - 24. Let t(n) = n + 7. Let o be t(q). Give s(o).
3
Let p(t) = -2*t + 4. Let l(o) = 3*o - 9. Let w(x) = 3*l(x) + 5*p(x). What is w(0)?
-7
Let y(u) = u**3 + 7*u**2 + 2. Let a be y(-7). Let o = 0 + a. Let c(n) = n**3 - 4*n**2 + n - 2. Calculate c(o).
-8
Suppose -5*b + 5 = -0. Let q = -7 - -8. Let a(w) = 0 - w - 3*w**3 - q + 1. Give a(b).
-4
Let i(y) = -y**3 - 2*y**2. Let v be i(-2). Let o(k) = -k + k + 6*k - 5*k - 2. Give o(v).
-2
Let s(q) = -q - 33. Let r be s(-32). Let d(v) = -4*v**2 + v + 1. Determine d(r).
-4
Let i = 1 + -5. Let s(k) = k**3 + 4*k**2 + 2*k - 3. Determine s(i).
-11
Let c = 14 - 8. Let j(v) = c + 4 - 3 - v. Suppose 0 = 3*o - 4*i - i, -4*i = -12. Calculate j(o).
2
Let c(f) be the first derivative of f**2/2 - f - 2. Suppose -4*a + 4*x + 1 = -3, a = 3*x - 5. Give c(a).
3
Let j(z) be the first derivative of -z**4/4 + 4*z**3/3 + z**2 + 2*z + 2. Calculate j(4).
10
Let d(t) be the third derivative of t**4/12 - 28*t**2. Determine d(-1).
-2
Let b be 1/(-5) - (-14)/(-5). Let y be b/(-2) + (-3)/(-6). Let r(f) = 2*f**2 - 2*f - 1. Calculate r(y).
3
Let u(i) be the first derivative of i**3/3 - 13*i**2/2 - 15*i + 4. Let z be u(14). Let s(p) = -6*p**3. Give s(z).
6
Let n(c) be the third derivative of c**2 + 1/4*c**4 - c**3 - 1/60*c**5 + 0 + 0*c. Determine n(5).
-1
Let p(r) be the second derivative of 3*r + 1/20*r**5 - 5/6*r**3 + 0 - 1/4*r**4 + 3*r**2. Let x be 30/8 - 4/(-16). Calculate p(x).
2
Suppose -3*h = -9, -4*g + 0*h + 2*h + 6 = 0. Let v(w) be the first derivative of 2 + w**2 - 2*w + 2 - g + 3. Determine v(-2).
-6
Let r(f) = 13*f**3 + f**2 - 1. Let w(y) = -y + 3*y + 0 + 2 - 5. Let t be w(2). Calculate r(t).
13
Let z(a) be the third derivative of a**6/60 + a**5/15 + a**4/6 + a**3/3 - 5*a**2. Determine z(-2).
-6
Let r be ((-12)/8)/((-7)/(-14)). Let f(h) = -h**3 - 8*h**2 - h - 7. Let w(v) = -v**3 - 7*v**2 - v - 6. Let l(y) = -4*f(y) + 5*w(y). Determine l(r).
1
Let l(s) be the third derivative of s**4/24 + 2*s**3/3 + 25*s**2. Determine l(-3).
1
Let p(o) = -o + 1. Let n(h) = -h**2 + 5*h. Let r be n(4). Suppose 0*c = r*c + 16. Determine p(c).
5
Let f = -16 + -24. Let u be (-4)/(-18) - f/(-18). Let h(d) = -9*d - 6. Let r(x) = -10*x - 7. Let j(m) = -6*h(m) + 5*r(m). What is j(u)?
-7
Let h(s) = s**3 + s**2. Suppose -2*c + j = 4, 3*c + 2 = -3*j - 4. Determine h(c).
-4
Let k(v) = -2*v**2 + 5*v + 3. Let d(h) = 4*h**2 - 6*h - 4. Let g(f) = -4*d(f) - 5*k(f). Let s = 2 + -1. Give g(s).
-6
Let m(w) be the third derivative of w**5/15 - w**4/24 - 5*w**3/3 - 3*w**2. Let c(t) = 9*t**2 - t - 21. Let g(h) = -6*c(h) + 13*m(h). What is g(-4)?
-8
Let i(k) = k - 7. Let y(n) = n**2 - 8*n. Suppose 3*l = 4*a + 16, 0 = -l - 2*l - a + 26. Let u be y(l). What is i(u)?
-7
Suppose -x - 179 = -5*z, -x = 5*z - 0*x - 171. Suppose 4*y = z - 3. Suppose -5*v + 7 + y = 0. Let u(m) = 3*m - 2. Calculate u(v).
7
Let t be 0 + 2 + 0/1. Suppose t*n + 5*q - 13 = 17, -5*q + 45 = 5*n. Let w(g) = 0 - 4*g - g + g**2 - 5. What is w(n)?
-5
Let o(z) = -z**2 - 3*z. Let r be o(-3). Suppose r = 2*l - 6*l. Let q(v) = -v**2 - v + 3. What is q(l)?
3
Let z(m) = -8*m - 5. Let a(r) = r. Let s(g) = -2*a(g) - z(g). Let l(t) = -7*t - 5. Let u = 2 - -2. Let h(q) = u*l(q) + 5*s(q). Determine h(-4).
-3
Let x = -31 - -33. Let g(d) = d**3 - 2*d**2 + 6*d + 4. Let o(r) = r**3 - 2*r**2 + 7*r + 5. Let y(j) = -5*g(j) + 4*o(j). What is y(x)?
-4
Let m(q) = -26*q + 2 + 25*q - 4. Calculate m(-2).
0
Let x(s) be the second derivative of s**3/6 - s**2/2 + 19*s + 2. What is x(-1)?
-2
Let s(b) be the first derivative of -b**6/180 - b**5/40 - b**4/12 - 2*b**3 - 3. Let m(k) be the third derivative of s(k). What is m(-2)?
-4
Let w(g) = 7*g**3 - 8*g**2 + 5*g + 3. Let b(r) = -14 + 11 + 2*r - 4*r**2 + 4 + 3*r**3. Let m(d) = 5*b(d) - 2*w(d). What is m(4)?
-1
Let w(f) be the third derivative of 1/30*f**5 + 1/24*f**4 + 0 - 1/40*f**6 + 0*f**3 + 0*f - 4*f**2. Let c = -1 + 0. What is